{"id":342,"date":"2022-02-02T18:50:41","date_gmt":"2022-02-02T17:50:41","guid":{"rendered":"http:\/\/ozopos.sk\/?page_id=342"},"modified":"2022-02-07T22:05:20","modified_gmt":"2022-02-07T21:05:20","slug":"o-nas","status":"publish","type":"page","link":"https:\/\/ozopos.sk\/?page_id=342","title":{"rendered":"O n\u00e1s"},"content":{"rendered":"\t\t<div data-elementor-type=\"wp-page\" data-elementor-id=\"342\" class=\"elementor elementor-342\" data-elementor-settings=\"{&quot;ha_cmc_init_switcher&quot;:&quot;no&quot;}\">\n\t\t\t\t\t\t<section class=\"elementor-section elementor-top-section elementor-element elementor-element-c169b52 elementor-section-stretched elementor-section-boxed elementor-section-height-default elementor-section-height-default\" data-id=\"c169b52\" data-element_type=\"section\" data-settings=\"{&quot;background_background&quot;:&quot;gradient&quot;,&quot;shape_divider_top&quot;:&quot;mountains&quot;,&quot;shape_divider_bottom&quot;:&quot;mountains&quot;,&quot;stretch_section&quot;:&quot;section-stretched&quot;,&quot;_ha_eqh_enable&quot;:false}\">\n\t\t\t\t\t<div class=\"elementor-shape elementor-shape-top\" aria-hidden=\"true\" data-negative=\"false\">\n\t\t\t<svg xmlns=\"http:\/\/www.w3.org\/2000\/svg\" viewBox=\"0 0 1000 100\" preserveAspectRatio=\"none\">\n\t<path class=\"elementor-shape-fill\" opacity=\"0.33\" d=\"M473,67.3c-203.9,88.3-263.1-34-320.3,0C66,119.1,0,59.7,0,59.7V0h1000v59.7 c0,0-62.1,26.1-94.9,29.3c-32.8,3.3-62.8-12.3-75.8-22.1C806,49.6,745.3,8.7,694.9,4.7S492.4,59,473,67.3z\"\/>\n\t<path class=\"elementor-shape-fill\" opacity=\"0.66\" d=\"M734,67.3c-45.5,0-77.2-23.2-129.1-39.1c-28.6-8.7-150.3-10.1-254,39.1 s-91.7-34.4-149.2,0C115.7,118.3,0,39.8,0,39.8V0h1000v36.5c0,0-28.2-18.5-92.1-18.5C810.2,18.1,775.7,67.3,734,67.3z\"\/>\n\t<path class=\"elementor-shape-fill\" d=\"M766.1,28.9c-200-57.5-266,65.5-395.1,19.5C242,1.8,242,5.4,184.8,20.6C128,35.8,132.3,44.9,89.9,52.5C28.6,63.7,0,0,0,0 h1000c0,0-9.9,40.9-83.6,48.1S829.6,47,766.1,28.9z\"\/>\n<\/svg>\t\t<\/div>\n\t\t\t\t<div class=\"elementor-shape elementor-shape-bottom\" aria-hidden=\"true\" data-negative=\"false\">\n\t\t\t<svg xmlns=\"http:\/\/www.w3.org\/2000\/svg\" viewBox=\"0 0 1000 100\" preserveAspectRatio=\"none\">\n\t<path class=\"elementor-shape-fill\" opacity=\"0.33\" d=\"M473,67.3c-203.9,88.3-263.1-34-320.3,0C66,119.1,0,59.7,0,59.7V0h1000v59.7 c0,0-62.1,26.1-94.9,29.3c-32.8,3.3-62.8-12.3-75.8-22.1C806,49.6,745.3,8.7,694.9,4.7S492.4,59,473,67.3z\"\/>\n\t<path class=\"elementor-shape-fill\" opacity=\"0.66\" d=\"M734,67.3c-45.5,0-77.2-23.2-129.1-39.1c-28.6-8.7-150.3-10.1-254,39.1 s-91.7-34.4-149.2,0C115.7,118.3,0,39.8,0,39.8V0h1000v36.5c0,0-28.2-18.5-92.1-18.5C810.2,18.1,775.7,67.3,734,67.3z\"\/>\n\t<path class=\"elementor-shape-fill\" d=\"M766.1,28.9c-200-57.5-266,65.5-395.1,19.5C242,1.8,242,5.4,184.8,20.6C128,35.8,132.3,44.9,89.9,52.5C28.6,63.7,0,0,0,0 h1000c0,0-9.9,40.9-83.6,48.1S829.6,47,766.1,28.9z\"\/>\n<\/svg>\t\t<\/div>\n\t\t\t\t\t<div class=\"elementor-container elementor-column-gap-no\">\n\t\t\t\t\t<div class=\"elementor-column elementor-col-100 elementor-top-column elementor-element elementor-element-5d452b3\" data-id=\"5d452b3\" data-element_type=\"column\">\n\t\t\t<div class=\"elementor-widget-wrap elementor-element-populated\">\n\t\t\t\t\t\t<section class=\"elementor-section elementor-inner-section elementor-element elementor-element-a355347 elementor-section-boxed elementor-section-height-default elementor-section-height-default\" data-id=\"a355347\" data-element_type=\"section\" data-settings=\"{&quot;_ha_eqh_enable&quot;:false}\">\n\t\t\t\t\t\t<div class=\"elementor-container elementor-column-gap-default\">\n\t\t\t\t\t<div class=\"elementor-column elementor-col-100 elementor-inner-column elementor-element elementor-element-a10a8eb\" data-id=\"a10a8eb\" data-element_type=\"column\">\n\t\t\t<div class=\"elementor-widget-wrap elementor-element-populated\">\n\t\t\t\t\t\t<div class=\"elementor-element elementor-element-bc46d17 text-center elementor-widget elementor-widget-advanced-text-block\" data-id=\"bc46d17\" data-element_type=\"widget\" data-widget_type=\"advanced-text-block.default\">\n\t\t\t\t<div class=\"elementor-widget-container\">\n\t\t\t\t\t<div class=\"futurio_extra_adv_text_block animate-general\"  data-animate-type=\"transition.fadeIn\" data-animate-delay=\"50\"><h2 class=\"text-content-block\"><p>Ob\u010dianske zdru\u017eenie OPOS<\/p><\/div><\/h2>\t\t\t\t<\/div>\n\t\t\t\t<\/div>\n\t\t\t\t<div class=\"elementor-element elementor-element-f801ddc elementor-widget elementor-widget-writing-effect-headline\" data-id=\"f801ddc\" data-element_type=\"widget\" data-widget_type=\"writing-effect-headline.default\">\n\t\t\t\t<div class=\"elementor-widget-container\">\n\t\t\t\t\t        <h3 class=\"futurio-extra-written-headline\" data-speed=\"110\" data-delay=\"2500\" data-loop=\"1\">\r\n        \r\n                    <span class=\"written-lines\">o n\u00e1s<\/span>\r\n        \r\n                <\/h3>\r\n        \t\t\t\t<\/div>\n\t\t\t\t<\/div>\n\t\t\t\t\t<\/div>\n\t\t<\/div>\n\t\t\t\t\t<\/div>\n\t\t<\/section>\n\t\t\t\t\t<\/div>\n\t\t<\/div>\n\t\t\t\t\t<\/div>\n\t\t<\/section>\n\t\t\t\t<section class=\"elementor-section elementor-top-section elementor-element elementor-element-54bdc3d elementor-section-stretched elementor-section-boxed elementor-section-height-default elementor-section-height-default\" data-id=\"54bdc3d\" data-element_type=\"section\" data-settings=\"{&quot;stretch_section&quot;:&quot;section-stretched&quot;,&quot;_ha_eqh_enable&quot;:false}\">\n\t\t\t\t\t\t<div class=\"elementor-container elementor-column-gap-default\">\n\t\t\t\t\t<div class=\"elementor-column elementor-col-50 elementor-top-column elementor-element elementor-element-2ecadea\" data-id=\"2ecadea\" data-element_type=\"column\">\n\t\t\t<div class=\"elementor-widget-wrap elementor-element-populated\">\n\t\t\t\t\t\t<div class=\"elementor-element elementor-element-e161f39 elementor-widget elementor-widget-text-editor\" data-id=\"e161f39\" data-element_type=\"widget\" data-widget_type=\"text-editor.default\">\n\t\t\t\t<div class=\"elementor-widget-container\">\n\t\t\t\t\t\t\t\t\t<p>Ochrana spotrebite\u013ea je oblas\u0165 pr\u00e1va, ktor\u00e1 je u\u00a0n\u00e1s na Slovensku podce\u0148ovan\u00e1. Spolo\u010dnos\u0165 neinformuje spotrebite\u013ea ak\u00fdm sp\u00f4sobom sa m\u00f4\u017ee br\u00e1ni\u0165 pri nekalom konan\u00ed dod\u00e1vate\u013ea\/predajcu, pr\u00edpadne poskytovate\u013ea slu\u017eby. Tento nez\u00e1ujem spolo\u010dnosti dospel k\u00a0\u0161t\u00e1diu, \u017ee na Slovensku je v priemere ka\u017ed\u00fd druh\u00fd ob\u010dan exekvovan\u00fd a\u00a0ka\u017ed\u00e1 jedna rodina m\u00e1 minim\u00e1lne jeden \u00faver.<\/p><p>\u00a0<\/p><p>Ob\u010dania s\u00fa vystavovan\u00ed nekal\u00fdm praktik\u00e1m predajcov, dod\u00e1vate\u013eov a poskytovate\u013eov tovaru a slu\u017eieb, o svojich pr\u00e1vach nie s\u00fa v\u0161ak dostato\u010dne informovan\u00ed m\u00e9diami, soci\u00e1lnymi sie\u0165ami a ani dennou tla\u010dou.<\/p>\t\t\t\t\t\t\t\t<\/div>\n\t\t\t\t<\/div>\n\t\t\t\t\t<\/div>\n\t\t<\/div>\n\t\t\t\t<div class=\"elementor-column elementor-col-50 elementor-top-column elementor-element elementor-element-6ce1400\" data-id=\"6ce1400\" data-element_type=\"column\">\n\t\t\t<div class=\"elementor-widget-wrap elementor-element-populated\">\n\t\t\t\t\t\t<div class=\"elementor-element elementor-element-a2307fd elementor-widget elementor-widget-image\" data-id=\"a2307fd\" data-element_type=\"widget\" data-widget_type=\"image.default\">\n\t\t\t\t<div class=\"elementor-widget-container\">\n\t\t\t\t\t\t\t\t\t\t\t\t\t\t\t<img fetchpriority=\"high\" decoding=\"async\" width=\"2560\" height=\"1709\" src=\"https:\/\/ozopos.sk\/wp-content\/uploads\/2022\/02\/pexels-pavel-danilyuk-8112199-scaled.jpg\" class=\"attachment-full size-full wp-image-760\" alt=\"\" srcset=\"https:\/\/ozopos.sk\/wp-content\/uploads\/2022\/02\/pexels-pavel-danilyuk-8112199-scaled.jpg 2560w, https:\/\/ozopos.sk\/wp-content\/uploads\/2022\/02\/pexels-pavel-danilyuk-8112199-300x200.jpg 300w, https:\/\/ozopos.sk\/wp-content\/uploads\/2022\/02\/pexels-pavel-danilyuk-8112199-1024x684.jpg 1024w, https:\/\/ozopos.sk\/wp-content\/uploads\/2022\/02\/pexels-pavel-danilyuk-8112199-768x513.jpg 768w, https:\/\/ozopos.sk\/wp-content\/uploads\/2022\/02\/pexels-pavel-danilyuk-8112199-1536x1025.jpg 1536w, https:\/\/ozopos.sk\/wp-content\/uploads\/2022\/02\/pexels-pavel-danilyuk-8112199-2048x1367.jpg 2048w\" sizes=\"(max-width: 2560px) 100vw, 2560px\" \/>\t\t\t\t\t\t\t\t\t\t\t\t\t\t\t<\/div>\n\t\t\t\t<\/div>\n\t\t\t\t\t<\/div>\n\t\t<\/div>\n\t\t\t\t\t<\/div>\n\t\t<\/section>\n\t\t\t\t<section class=\"elementor-section elementor-top-section elementor-element elementor-element-73b0ab8 elementor-section-stretched elementor-section-boxed elementor-section-height-default elementor-section-height-default\" data-id=\"73b0ab8\" data-element_type=\"section\" data-settings=\"{&quot;stretch_section&quot;:&quot;section-stretched&quot;,&quot;_ha_eqh_enable&quot;:false}\">\n\t\t\t\t\t\t<div class=\"elementor-container elementor-column-gap-default\">\n\t\t\t\t\t<div class=\"elementor-column elementor-col-100 elementor-top-column elementor-element elementor-element-7c3c7b2\" data-id=\"7c3c7b2\" data-element_type=\"column\">\n\t\t\t<div class=\"elementor-widget-wrap elementor-element-populated\">\n\t\t\t\t\t\t<div class=\"elementor-element elementor-element-ac2671a elementor-widget elementor-widget-text-editor\" data-id=\"ac2671a\" data-element_type=\"widget\" data-widget_type=\"text-editor.default\">\n\t\t\t\t<div class=\"elementor-widget-container\">\n\t\t\t\t\t\t\t\t\t<p>Na\u0161e ob\u010dianske zdru\u017eenie na ochranu pr\u00e1v spotrebite\u013ea vzniklo pr\u00e1ve z\u00a0d\u00f4vodu, \u017ee malo potrebu sa podie\u013ea\u0165 na <strong>zv\u00fd\u0161en\u00ed informovanosti obyvate\u013eov\/spotrebite\u013eov v\u00a0oblasti spotrebite\u013esk\u00e9ho pr\u00e1va<\/strong>, ktor\u00e9mu viac ako 80% ob\u010danov v\u00f4bec nerozumie. Ob\u010dianske zdru\u017eenie OPOS vzniklo v\u00a0okt\u00f3bri <strong>2017<\/strong> z\u00a0iniciat\u00edvy 8-mich \u013eud\u00ed, ktor\u00ed sa rozhodli svoje osobn\u00e9 sk\u00fasenosti a\u00a0znalosti zu\u017eitkova\u0165 a\u00a0pom\u00f4c\u0165 tak \u010fal\u0161\u00edm ob\u010danom z\u00edska\u0165 nov\u00e9 pr\u00e1vne poznatky.<\/p><p>V\u00a0s\u00fa\u010dasnosti na\u0161e ob\u010dianske zdru\u017eenie disponuje <strong>11 \u010dlenmi<\/strong>, ktor\u00ed s\u00fa pripraven\u00ed h\u00e1ji\u0165 a presadzova\u0165 z\u00e1ujmy spotrebite\u013eov, ale i zvy\u0161ova\u0165 informovanos\u0165 ob\u010danov oh\u013eadom spotrebite\u013esk\u00e9ho pr\u00e1va.<\/p>\t\t\t\t\t\t\t\t<\/div>\n\t\t\t\t<\/div>\n\t\t\t\t\t<\/div>\n\t\t<\/div>\n\t\t\t\t\t<\/div>\n\t\t<\/section>\n\t\t\t\t<section class=\"elementor-section elementor-top-section elementor-element elementor-element-35cca26 elementor-section-stretched elementor-section-boxed elementor-section-height-default elementor-section-height-default\" data-id=\"35cca26\" data-element_type=\"section\" data-settings=\"{&quot;stretch_section&quot;:&quot;section-stretched&quot;,&quot;_ha_eqh_enable&quot;:false}\">\n\t\t\t\t\t\t<div class=\"elementor-container elementor-column-gap-default\">\n\t\t\t\t\t<div class=\"elementor-column elementor-col-100 elementor-top-column elementor-element elementor-element-5504339\" data-id=\"5504339\" data-element_type=\"column\">\n\t\t\t<div class=\"elementor-widget-wrap elementor-element-populated\">\n\t\t\t\t\t\t<div class=\"elementor-element elementor-element-86db49c elementor-widget elementor-widget-text-editor\" data-id=\"86db49c\" data-element_type=\"widget\" data-widget_type=\"text-editor.default\">\n\t\t\t\t<div class=\"elementor-widget-container\">\n\t\t\t\t\t\t\t\t\t<p>Ob\u010dianske zdru\u017eenie je neziskov\u00e1 organiz\u00e1cia, z\u00a0tohto d\u00f4vodu sme ka\u017ed\u00fd rok registrovan\u00fd ako pr\u00edjemca 2% podielu zo zaplatenej dane. <strong>Fungujeme aj na dobrovo\u013en\u00fdch pr\u00edspevkoch \u010dlenov a\u00a0podporovate\u013eov zdru\u017eenia.<\/strong><\/p>\t\t\t\t\t\t\t\t<\/div>\n\t\t\t\t<\/div>\n\t\t\t\t\t<\/div>\n\t\t<\/div>\n\t\t\t\t\t<\/div>\n\t\t<\/section>\n\t\t\t\t<section class=\"elementor-section elementor-top-section elementor-element elementor-element-df46511 elementor-section-stretched elementor-section-boxed elementor-section-height-default elementor-section-height-default\" data-id=\"df46511\" data-element_type=\"section\" data-settings=\"{&quot;stretch_section&quot;:&quot;section-stretched&quot;,&quot;_ha_eqh_enable&quot;:false}\">\n\t\t\t\t\t\t<div class=\"elementor-container elementor-column-gap-default\">\n\t\t\t\t\t<div class=\"elementor-column elementor-col-100 elementor-top-column elementor-element elementor-element-7a5c58e\" data-id=\"7a5c58e\" data-element_type=\"column\">\n\t\t\t<div class=\"elementor-widget-wrap elementor-element-populated\">\n\t\t\t\t\t\t<div class=\"elementor-element elementor-element-3cd6373 elementor-widget elementor-widget-text-editor\" data-id=\"3cd6373\" data-element_type=\"widget\" data-widget_type=\"text-editor.default\">\n\t\t\t\t<div class=\"elementor-widget-container\">\n\t\t\t\t\t\t\t\t\t<p>Sme nesmierne \u0161\u0165astn\u00ed, \u017ee sa n\u00e1m na\u0161a pr\u00e1ca dar\u00ed a\u00a0po\u010das tak kr\u00e1tkej p\u00f4sobnosti na Slovensku sme boli osloven\u00ed viac ako 14.000 ob\u010danmi.<\/p>\t\t\t\t\t\t\t\t<\/div>\n\t\t\t\t<\/div>\n\t\t\t\t\t<\/div>\n\t\t<\/div>\n\t\t\t\t\t<\/div>\n\t\t<\/section>\n\t\t\t\t<\/div>\n\t\t","protected":false},"excerpt":{"rendered":"<p>Ob\u010dianske zdru\u017eenie OPOS o n\u00e1s Ochrana spotrebite\u013ea je oblas\u0165 pr\u00e1va, ktor\u00e1 je u\u00a0n\u00e1s na Slovensku podce\u0148ovan\u00e1. Spolo\u010dnos\u0165 neinformuje spotrebite\u013ea ak\u00fdm sp\u00f4sobom sa m\u00f4\u017ee br\u00e1ni\u0165 pri nekalom konan\u00ed dod\u00e1vate\u013ea\/predajcu, pr\u00edpadne poskytovate\u013ea slu\u017eby. Tento nez\u00e1ujem spolo\u010dnosti dospel k\u00a0\u0161t\u00e1diu, \u017ee na Slovensku je v priemere ka\u017ed\u00fd druh\u00fd ob\u010dan exekvovan\u00fd a\u00a0ka\u017ed\u00e1 jedna rodina m\u00e1 minim\u00e1lne jeden \u00faver. \u00a0 Ob\u010dania&hellip;<\/p>\n","protected":false},"author":1,"featured_media":0,"parent":0,"menu_order":0,"comment_status":"closed","ping_status":"closed","template":"","meta":{"_monsterinsights_skip_tracking":false,"_monsterinsights_sitenote_active":false,"_monsterinsights_sitenote_note":"","_monsterinsights_sitenote_category":0,"footnotes":""},"class_list":["post-342","page","type-page","status-publish","hentry"],"_links":{"self":[{"href":"https:\/\/ozopos.sk\/index.php?rest_route=\/wp\/v2\/pages\/342","targetHints":{"allow":["GET"]}}],"collection":[{"href":"https:\/\/ozopos.sk\/index.php?rest_route=\/wp\/v2\/pages"}],"about":[{"href":"https:\/\/ozopos.sk\/index.php?rest_route=\/wp\/v2\/types\/page"}],"author":[{"embeddable":true,"href":"https:\/\/ozopos.sk\/index.php?rest_route=\/wp\/v2\/users\/1"}],"replies":[{"embeddable":true,"href":"https:\/\/ozopos.sk\/index.php?rest_route=%2Fwp%2Fv2%2Fcomments&post=342"}],"version-history":[{"count":6,"href":"https:\/\/ozopos.sk\/index.php?rest_route=\/wp\/v2\/pages\/342\/revisions"}],"predecessor-version":[{"id":769,"href":"https:\/\/ozopos.sk\/index.php?rest_route=\/wp\/v2\/pages\/342\/revisions\/769"}],"wp:attachment":[{"href":"https:\/\/ozopos.sk\/index.php?rest_route=%2Fwp%2Fv2%2Fmedia&parent=342"}],"curies":[{"name":"wp","href":"https:\/\/api.w.org\/{rel}","templated":true}]}}